{"version":"1.0","provider_name":"SADE","provider_url":"https:\/\/www.sade-cgth.fr\/es\/","author_name":"laurieann","author_url":"https:\/\/www.sade-cgth.fr\/es\/blog\/author\/laurieann\/","title":"SADE Ecuador promueve el reciclaje - SADE","type":"rich","width":600,"height":338,"html":"<blockquote class=\"wp-embedded-content\" data-secret=\"yvW2eXnTfs\"><a href=\"https:\/\/www.sade-cgth.fr\/es\/blog\/geographie-es\/afrique-es\/sade-ecuador-promueve-el-reciclaje\/\">SADE Ecuador promueve el reciclaje<\/a><\/blockquote><iframe sandbox=\"allow-scripts\" security=\"restricted\" src=\"https:\/\/www.sade-cgth.fr\/es\/blog\/geographie-es\/afrique-es\/sade-ecuador-promueve-el-reciclaje\/embed\/#?secret=yvW2eXnTfs\" width=\"600\" height=\"338\" title=\"\u00abSADE Ecuador promueve el reciclaje\u00bb \u2014 SADE\" data-secret=\"yvW2eXnTfs\" frameborder=\"0\" marginwidth=\"0\" marginheight=\"0\" scrolling=\"no\" class=\"wp-embedded-content\"><\/iframe><script type=\"text\/javascript\">\n\/* <![CDATA[ *\/\n\/*! This file is auto-generated *\/\n!function(d,l){\"use strict\";l.querySelector&&d.addEventListener&&\"undefined\"!=typeof URL&&(d.wp=d.wp||{},d.wp.receiveEmbedMessage||(d.wp.receiveEmbedMessage=function(e){var t=e.data;if((t||t.secret||t.message||t.value)&&!\/[^a-zA-Z0-9]\/.test(t.secret)){for(var s,r,n,a=l.querySelectorAll('iframe[data-secret=\"'+t.secret+'\"]'),o=l.querySelectorAll('blockquote[data-secret=\"'+t.secret+'\"]'),c=new RegExp(\"^https?:$\",\"i\"),i=0;i<o.length;i++)o[i].style.display=\"none\";for(i=0;i<a.length;i++)s=a[i],e.source===s.contentWindow&&(s.removeAttribute(\"style\"),\"height\"===t.message?(1e3<(r=parseInt(t.value,10))?r=1e3:~~r<200&&(r=200),s.height=r):\"link\"===t.message&&(r=new URL(s.getAttribute(\"src\")),n=new URL(t.value),c.test(n.protocol))&&n.host===r.host&&l.activeElement===s&&(d.top.location.href=t.value))}},d.addEventListener(\"message\",d.wp.receiveEmbedMessage,!1),l.addEventListener(\"DOMContentLoaded\",function(){for(var e,t,s=l.querySelectorAll(\"iframe.wp-embedded-content\"),r=0;r<s.length;r++)(t=(e=s[r]).getAttribute(\"data-secret\"))||(t=Math.random().toString(36).substring(2,12),e.src+=\"#?secret=\"+t,e.setAttribute(\"data-secret\",t)),e.contentWindow.postMessage({message:\"ready\",secret:t},\"*\")},!1)))}(window,document);\n\/* ]]> *\/\n<\/script>\n","thumbnail_url":"https:\/\/www.sade-cgth.fr\/wp-content\/uploads\/2020\/11\/couvIMG_20190315_134019.jpg","thumbnail_width":1920,"thumbnail_height":1080,"description":"[vc_row][vc_column width=\u00bb1\/2&#8243;][vc_column_text css=\u00bb.vc_custom_1609931232932{margin-right: 30px !important;}\u00bb] SADE Ecuador promueve el reciclaje Objetivo: Sensibilizar a los equipos en favor del medio ambiente. Acci\u00f3n: Un concurso de reciclaje. Resultados: 526 kg de pl\u00e1stico recogido entre 142 colaboradores.[\/vc_column_text][\/vc_column][vc_column width=\u00bb1\/2&#8243;][vc_single_image image=\u00bb4666&#8243; img_size=\u00bbfull\u00bb css_animation=\u00bbslideInLeft\u00bb][\/vc_column][\/vc_row][vc_row][vc_column width=\u00bb1\/2&#8243;][vc_single_image image=\u00bb4668&#8243; img_size=\u00bbfull\u00bb css=\u00bb.vc_custom_1605527373777{margin-top: 25px !important;margin-right: 30px !important;margin-left: 0px !important;}\u00bb][vc_single_image image=\u00bb4670&#8243; img_size=\u00bb480&#215;600&#8243; alignment=\u00bbright\u00bb css=\u00bb.vc_custom_1605527459430{margin-top: 25px !important;margin-right: 30px !important;margin-left: 0px !important;}\u00bb][\/vc_column][vc_column width=\u00bb1\/2&#8243;][vc_column_text]Gracias a la iniciativa del departamento de RR.HH. de la delegaci\u00f3n de SADE Ecuador, un total de 12 equipos se movilizaron para recoger botellas de pl\u00e1stico de las calles de Guayaquil durante tres meses. A continuaci\u00f3n, las botellas se pesaron y clasificaron... +"}

[vc_row][vc_column width=»1/2&#8243;][vc_column_text css=».vc_custom_1609931232932{margin-right: 30px !important;}»] SADE Ecuador promueve el reciclaje Objetivo: Sensibilizar a los equipos en favor del medio ambiente. Acción: Un concurso de reciclaje. Resultados: 526 kg de plástico recogido entre 142 colaboradores.[/vc_column_text][/vc_column][vc_column width=»1/2&#8243;][vc_single_image image=»4666&#8243; img_size=»full» css_animation=»slideInLeft»][/vc_column][/vc_row][vc_row][vc_column width=»1/2&#8243;][vc_single_image image=»4668&#8243; img_size=»full» css=».vc_custom_1605527373777{margin-top: 25px !important;margin-right: 30px !important;margin-left: 0px !important;}»][vc_single_image image=»4670&#8243; img_size=»480&#215;600&#8243; alignment=»right» css=».vc_custom_1605527459430{margin-top: 25px !important;margin-right: 30px !important;margin-left: 0px !important;}»][/vc_column][vc_column width=»1/2&#8243;][vc_column_text]Gracias a la iniciativa del departamento de RR.HH. de la delegación de SADE Ecuador, un total de 12 equipos se movilizaron para recoger botellas de plástico de las calles de Guayaquil durante tres meses. A continuación, las botellas se pesaron y clasificaron... +
